89 = 71. Suppose 3*d = -d + n. What is the highest common divisor of s and d?
6
Let z = 62 + 42. Calculate the greatest common divisor of 13 and z.
13
Let g(c) = c + 12. Let w be g(-5). What is the highest common divisor of 21 and w?
7
Suppose -5*r - 2*k + 48 = -4*k, -3*k = -3. Let j = -146 + 259. Let w = 223 - j. Calculate the highest common divisor of w and r.
10
Let p(i) = i + 4. Let u be p(3). Let f(y) = y**2 + 9*y + 4. Let o be f(-13). What is the highest common divisor of o and u?
7
Suppose -c + 48 = t, 41 + 55 = 2*t - 3*c. Calculate the greatest common factor of 32 and t.
16
Let r be 104/6 + 6/9. Suppose 3*p - 4*p + r = 0. What is the highest common divisor of p and 90?
18
Let o = 4 + 12. What is the highest common divisor of 24 and o?
8
Let l(b) = -12*b + 21. Let d be l(7). Suppose 3*a + 492 - 54 = -4*g, -5*g + a - 557 = 0. Let z = d - g. What is the greatest common factor of z and 32?
16
Suppose 2*y = 317 + 65. Let o = 311 - y. Suppose 0 = -f - 4*f + o. Calculate the highest common divisor of f and 24.
24
Let y be (-27 - -7)*(-2)/8. Suppose 3*d = t + y*d - 176, -t + 190 = -5*d. Calculate the greatest common factor of 20 and t.
20
Let y(c) = 7*c**2 + 0*c**2 - 3*c**2 - 4*c + 3. Let h = -2 + 4. Let a be y(h). What is the highest common factor of a and 88?
11
Suppose 25 = 3*w - 38. What is the greatest common divisor of w and 189?
21
Suppose -v + 4*m + 3 = -m, 5*m = 15. What is the greatest common divisor of 6 and v?
6
Let l(n) = -n**3 + 3*n**2 + 4*n + 2. Let w be l(-2). What is the greatest common divisor of w and 7?
7
Let t(d) = -5*d - 1. Let p be t(-5). Suppose 4*y - 5*j = p, -j - 11 = -5*y + 40. Calculate the greatest common factor of y and 88.
11
Let q be (-4)/(-25)*(-30)/(-12)*90. What is the greatest common factor of q and 24?
12
Suppose -3*k + 96 = 5*k. Let w be -1 - -1*61/1. What is the greatest common divisor of w and k?
12
Let m be (-4)/10 - (-284)/10. Let g = 509 - 229. Suppose -4*q + 0 + g = 0. Calculate the greatest common divisor of q and m.
14
Let d = -11 - -17. Let l(v) = 11*v**2 + 3*v - 2. Let s be l(2). What is the highest common divisor of s and d?
6
Let j(w) = -3*w. Let g be j(-2). Let l = 11 - g. Let c(f) = 22*f - 6. Let k be c(l). Calculate the greatest common factor of k and 13.
13
Suppose 2*m = 5*g + 27, -75 = 2*m - 6*m + 3*g. What is the highest common factor of 84 and m?
21
Let i(n) = -3*n - 1. Let u(g) = g. Let d(z) = -3*i(z) - 8*u(z). Let p be d(13). What is the highest common factor of p and 2?
2
Suppose 0*p = p - 1. Let k(f) = f**3 - 6*f**2 - 8*f + 6. Let u be k(5). Let a = p - u. What is the greatest common divisor of 10 and a?
10
Let m = 1 + 0. Suppose s + 4*w = -4*s + 25, 5*s = 3*w + 25. What is the highest common factor of s and m?
1
Let o be 57/2*(-3 - -9). Let m = -15 + 34. Calculate the greatest common divisor of o and m.
19
Let k = 4 - 4. Suppose k*h - b = h - 15, b - 26 = -2*h. Calculate the greatest common divisor of h and 11.
11
Suppose 0 = -l + 9 - 0. Calculate the greatest common factor of 9 and l.
9
Let m be (-4)/(-14) + (-750)/(-21). Suppose -l = -17 + 13. Calculate the greatest common factor of m and l.
4
Let b(d) = d + 1. Let k be b(0). Let y = -2 - -3. What is the highest common factor of y and k?
1
Let y be (-11 + -4)/(-5)*11. Calculate the greatest common divisor of y and 11.
11
Let u = 78 + -60. What is the greatest common factor of u and 18?
18
Let m be 1 + (-1)/(-1) - 0. Suppose 3*d + m*d - 70 = 0. What is the greatest common factor of d and 28?
14
Let x = 20 - 12. Suppose -5*n = -y - 16, -6*y + 5*n = -y. Suppose -4*r = 3*a - a + y, -5*a + 14 = 2*r. What is the greatest common divisor of a and x?
4
Let y = 62 + -51. What is the highest common divisor of 396 and y?
11
Suppose -308 = 2*l - 4*l. Suppose -3*b + 6*b = -4*d + 50, -5*d + 66 = 4*b. Calculate the highest common factor of b and l.
14
Let y(q) = q**3 - 12*q**2 + 15*q + 12. Let f be y(11). What is the highest common divisor of f and 8?
8
Suppose t - 10 = -t. Suppose 83 = t*w + 3*p - 2*p, -w = p - 19. Calculate the greatest common divisor of w and 16.
16
Let n(j) = -j**2 - 5*j + 1. Let c be n(-5). Suppose -3*s = a - 4, 2*a + 2*s + 1 - 13 = 0. Calculate the greatest common factor of a and c.
1
Let t be (6/(-4))/(2/(-72)). Suppose -5*v + v + 144 = 0. Calculate the greatest common divisor of t and v.
18
Let d = -76 + 19. Let v = 137 + d. Suppose 3*t = -2*k + 26, k + 4 = -k. What is the highest common factor of t and v?
10
Let i(n) be the first derivative of -13*n**2/2 + 2*n + 2. Let t be i(-3). Suppose t + 7 = 3*f. Calculate the greatest common divisor of 4 and f.
4
Suppose 4*v - 130 = 5*k - 10*k, -2*v - 160 = -5*k. Calculate the highest common factor of k and 70.
10
Let l(c) = -c**3 + 7*c**2 - 4*c - 11. Let z be l(6). Let r = -4 + 7. What is the highest common divisor of z and r?
1
Suppose 5*v - i = 4*i + 600, 0 = -i. What is the greatest common divisor of 15 and v?
15
Suppose c = -c - 4. Let a be 3 + -2 + 8 + c. Calculate the greatest common factor of 7 and a.
7
Let k be (-334)/(-26) - 4/(-26). Suppose f = -0*f + 65. What is the highest common factor of f and k?
13
Let z be 0/(2 - 6/2). Suppose -3*c = 0, b + 3*c + 2*c - 7 = z. Calculate the greatest common factor of 21 and b.
7
Suppose 0 = 5*q - 4*j - 183, -5*j = 3*q - 4*j - 120. What is the highest common factor of 13 and q?
13
Let o(t) = -3*t + 1. Let u(m) = -m + 1. Let d(n) = 3*o(n) - 6*u(n). Let g = -4 - -2. Let c be d(g). Calculate the highest common divisor of c and 30.
3
Let u(m) = m**2 - m + 5. Let f be 4 + -6 + 1 + 0. Let a = f + -3. Let y be u(a). What is the highest common factor of 5 and y?
5
Suppose -7*f = -11*f, 0 = -4*s + 5*f + 1080. Calculate the highest common divisor of 108 and s.
54
Let z(i) = 2*i**2 - 7*i - 8. Let n be z(6). Let q(f) = f - 8. Let t be q(7). Let l be 2 + 0*t/(-3). Calculate the greatest common factor of n and l.
2
Suppose -2*j + 5*p = -88, 3*j = -3*p - 0*p + 90. Suppose 4*z - 40 - 164 = 0. Calculate the greatest common factor of z and j.
17
Let a = -6 - -21. Suppose -a*z + 17*z = 196. Calculate the greatest common divisor of 14 and z.
14
Let q(y) = 125*y**2 + y + 2. Let z be q(-1). Let v = 22 + -8. Calculate the greatest common divisor of v and z.
14
Suppose 0 = 5*l - 2*w - 90, -120 = -7*l + 2*l - 4*w. What is the greatest common factor of 20 and l?
20
Suppose -q + 3 + 89 = 5*z, -2*z + 8 = 0. Calculate the greatest common factor of 8 and q.
8
Suppose -190 = -7*z + 2*z. Let n be (-7)/2*2*3. Let a = 40 + n. What is the greatest common factor of z and a?
19
Suppose -4*j - j = -160. Suppose 4*g + 22 = -2*a, 3*a - j + 9 = 2*g. Let p be 0/(-3) - (g + 0). Calculate the highest common divisor of p and 7.
7
Suppose -135 = p - 4*p. Calculate the greatest common divisor of p and 30.
15
Suppose 5*k - 37 = 23. Calculate the highest common divisor of k and 30.
6
Suppose -5 = -i + 18. Let f = -56 - -102. What is the highest common factor of f and i?
23
Let b(i) = 23*i**3 + i**2 - 2*i + 1. Let x be b(1). What is the greatest common factor of 69 and x?
23
Suppose 0 = 2*a - 43 + 11. Let m = a - 10. Calculate the greatest common factor of m and 4.
2
Let a(v) = 16*v + 5. Let k be a(1). Calculate the greatest common divisor of k and 42.
21
Let o(a) be the second derivative of a**4/12 + a**3/6 + a**2 - 5*a. Let x be o(-6). Calculate the highest common factor of 8 and x.
8
Let b = -21 - -46. Let s = 35 - b. Let w = -61 - -91. Calculate the greatest common factor of s and w.
10
Let f(y) be the second derivative of 2*y**3/3 + 7*y**2/2 - y. Let k be f(12). Calculate the greatest common factor of k and 11.
11
Let h be -2 + 1 + -2 + 20 + 3. What is the highest common divisor of h and 60?
20
Let m be (-454)/(-6) - 2/3. Let i = m + 29. What is the greatest common divisor of 13 and i?
13
Suppose 3*z + o - 47 = 0, 5*z - 3*o = 4*z + 19. Let j(g) = g**2 + g + 2. Let y be j(0). What is the greatest common factor of z and y?
2
Let f = -5 + 5. Let k be (-2 + 86/(-5))*-5. Suppose -3*q - d + 59 = -f*d, -4*q + 3*d + k = 0. What is the highest common divisor of 3 and q?
3
Let t = -42 - -81. What is the highest common divisor of t and 26?
13
Let w(z) = z**2 + z + 10. Let n be ((-2)/5)/((-4)/(-20)). Let y be 2*(-2)/2 - n. Let i be w(y). What is the highest common divisor of i and 110?